tors of 10746?
2, 3, 199
List the prime factors of 21342.
2, 3, 3557
What are the prime factors of 345?
3, 5, 23
What are the prime factors of 2612?
2, 653
List the prime factors of 728.
2, 7, 13
List the prime factors of 25958.
2, 12979
List the prime factors of 2544.
2, 3, 53
List the prime factors of 4915.
5, 983
List the prime factors of 5738.
2, 19, 151
List the prime factors of 13252.
2, 3313
What are the prime factors of 3837?
3, 1279
What are the prime factors of 12340?
2, 5, 617
List the prime factors of 59408.
2, 47, 79
What are the prime factors of 905?
5, 181
What are the prime factors of 13252?
2, 3313
List the prime factors of 4147.
11, 13, 29
List the prime factors of 7915.
5, 1583
List the prime factors of 718.
2, 359
List the prime factors of 1638.
2, 3, 7, 13
What are the prime factors of 489?
3, 163
What are the prime factors of 1043?
7, 149
What are the prime factors of 10564?
2, 19, 139
What are the prime factors of 8036?
2, 7, 41
What are the prime factors of 22408?
2, 2801
What are the prime factors of 60492?
2, 3, 71
What are the prime factors of 6077?
59, 103
What are the prime factors of 2056?
2, 257
List the prime factors of 3439.
19, 181
What are the prime factors of 6571?
6571
List the prime factors of 17043.
3, 13, 19, 23
List the prime factors of 46347.
3, 7, 2207
List the prime factors of 3440.
2, 5, 43
List the prime factors of 3495.
3, 5, 233
List the prime factors of 1264.
2, 79
List the prime factors of 60180.
2, 3, 5, 17, 59
List the prime factors of 369.
3, 41
List the prime factors of 5838.
2, 3, 7, 139
What are the prime factors of 2286?
2, 3, 127
List the prime factors of 74256.
2, 3, 7, 13, 17
What are the prime factors of 29462?
2, 14731
What are the prime factors of 1922?
2, 31
List the prime factors of 98185.
5, 73, 269
What are the prime factors of 1362?
2, 3, 227
List the prime factors of 6078.
2, 3, 1013
List the prime factors of 29240.
2, 5, 17, 43
List the prime factors of 6657.
3, 7, 317
What are the prime factors of 1119?
3, 373
What are the prime factors of 77691?
3, 19, 29, 47
What are the prime factors of 8551?
17, 503
What are the prime factors of 6524?
2, 7, 233
List the prime factors of 144.
2, 3
List the prime factors of 27530.
2, 5, 2753
List the prime factors of 9984.
2, 3, 13
What are the prime factors of 8417?
19, 443
What are the prime factors of 14523?
3, 47, 103
List the prime factors of 3958.
2, 1979
List the prime factors of 4338.
2, 3, 241
What are the prime factors of 6322?
2, 29, 109
List the prime factors of 4722.
2, 3, 787
What are the prime factors of 958?
2, 479
What are the prime factors of 2000?
2, 5
List the prime factors of 5330.
2, 5, 13, 41
List the prime factors of 59786.
2, 167, 179
List the prime factors of 21188.
2, 5297
What are the prime factors of 24939?
3, 17, 163
List the prime factors of 1691.
19, 89
List the prime factors of 19874.
2, 19, 523
What are the prime factors of 4770?
2, 3, 5, 53
What are the prime factors of 2500?
2, 5
What are the prime factors of 3119?
3119
What are the prime factors of 9906?
2, 3, 13, 127
What are the prime factors of 725?
5, 29
What are the prime factors of 57521?
97, 593
What are the prime factors of 585?
3, 5, 13
What are the prime factors of 7444?
2, 1861
What are the prime factors of 150469?
11, 13679
List the prime factors of 11148.
2, 3, 929
List the prime factors of 713.
23, 31
What are the prime factors of 7082?
2, 3541
What are the prime factors of 80?
2, 5
List the prime factors of 626.
2, 313
List the prime factors of 1292.
2, 17, 19
List the prime factors of 1325.
5, 53
What are the prime factors of 23353?
11, 193
What are the prime factors of 214?
2, 107
List the prime factors of 314.
2, 157
What are the prime factors of 10839?
3, 3613
List the prime factors of 90185.
5, 17, 1061
What are the prime factors of 37100?
2, 5, 7, 53
List the prime factors of 14242.
2, 7121
What are the prime factors of 2431?
11, 13, 17
What are the prime factors of 7372?
2, 19, 97
What are the prime factors of 3182?
2, 37, 43
What are the prime factors of 40540?
2, 5, 2027
List the prime factors of 39543.
3, 7, 269
List the prime factors of 77350.
2, 5, 7, 13, 17
List the prime factors of 2591.
2591
What are the prime factors of 29288?
2, 7, 523
What are the prime factors of 1023?
3, 11, 31
What are the prime factors of 1370?
2, 5, 137
What are the prime factors of 16660?
2, 5, 7, 17
List the prime factors of 47.
47
What are the prime factors of 510?
2, 3, 5, 17
What are the prime factors of 1774?
2, 887
List the prime factors of 5016.
2, 3, 11, 19
What are the prime factors of 6092?
2, 1523
What are the prime factors of 2699?
2699
List the prime factors of 714.
2, 3, 7, 17
What are the prime factors of 4011?
3, 7, 191
What are the prime factors of 2286?
2, 3, 127
What are the prime factors of 5817?
3, 7, 277
What are the prime factors of 9852?
2, 3, 821
List the prime factors of 3649.
41, 89
What are the prime factors of 956?
2, 239
List the prime factors of 1124.
2, 281
List the prime factors of 11069.
11069
List the prime factors of 105353.
137, 769
List the prime factors of 124430.
2, 5, 23, 541
List the prime factors of 19103.
7, 2729
List the prime factors of 53393.
107, 499
What are the prime factors of 14?
2, 7
What are the prime factors of 56699?
31, 59
What are the prime factors of 1771?
7, 11, 23
List the prime factors of 2517.
3, 839
What are the prime factors of 14089?
73, 193
What are the prime factors of 54?
2, 3
List the prime factors of 43151.
43151
List the prime factors of 583.
11, 53
What are the prime factors of 1253?
7, 179
What are the prime factors of 164884?
2, 41221
List the prime factors of 76.
2, 19
List the prime factors of 776.
2, 97
List the prime factors of 1371.
3, 457
List the prime factors of 35837.
35837
List the prime factors of 56800.
2, 5, 71
What are the prime factors of 10756?
2, 2689
What are the prime factors of 5874?
2, 3, 11, 89
List the prime factors of 1231.
1231
What are the prime factors of 1959?
3, 653
List the prime factors of 4479.
3, 1493
List the prime factors of 44696.
2, 37, 151
What are the prime factors of 90321?
3, 7, 11, 17, 23
List the prime factors of 7396.
2, 43
List the prime factors of 2582.
2, 1291
What are the prime factors of 1071?
3, 7, 17
List the prime factors of 17548.
2, 41, 107
List the prime factors of 52872.
2, 3, 2203
What are the prime factors of 5242?
2, 2621
List the prime factors of 1297.
1297
List the prime factors of 10331.
10331
List the prime factors of 8017.
8017
What are the prime factors of 58183?
83, 701
What are the prime factors of 18465?
3, 5, 1231
List the prime factors of 427.
7, 61
List the prime factors of 977.
977
What are the prime factors of 83309?
227, 367
What are the prime factors of 11244?
2, 3, 937
List the prime factors of 4220.
2, 5, 211
What are the prime factors of 1438?
2, 719
What are the prime factors of 14309?
41, 349
What are the prime factors of 1106?
2, 7, 79
List the prime factors of 1123.
1123
What are the prime factors of 1839?
3, 613
List the prime factors of 453.
3, 151
What are the prime factors of 134727?
3, 44909
What are the prime factors of 1067?
11, 97
What are the prime factors of 989?
23, 43
List the prime factors of 37523.
157, 239
What are the prime factors of 6469?
6469
List the prime factors of 1277.
1277
What are the prime factors of 9020?
2, 5, 11, 41
List the prime factors of 7352.
2, 919
List the prime factors of 415.
5, 83
List the prime factors of 1116.
2, 3, 31
What are the prime factors of 59957?
59957
What are the prime factors of 6061?
11, 19, 29
List the prime factors of 35856.
2, 3, 83
What are the prime factors of 3935?
5, 787
List the prime factors of 7034.
2, 3517
List the prime factors of 110890.
2, 5, 13, 853
List the prime factors of 7572.
2, 3, 631
What are the prime factors of 170?
2, 5, 17
List the prime factors of 819.
3, 7, 13
What are the prime factors of 660?
2, 3, 5, 11
What are the prime factors of 5334?
2, 3, 7, 127
What are the prime factors of 28801?
83, 347
What are the prime factors of 70547?
19, 47, 79
List the prime factors of 1962.
2, 3, 109
What are the prime factors of 14342?
2, 71, 101
List the prime factors of 3283.
7, 67
List the prime factors of 85350.
2, 